t is -3 (base 14) in base 10?
-3
0 (base 8) to base 11
0
-5 (base 13) to base 11
-5
-12 (base 11) to base 2
-1101
What is -10 (base 6) in base 2?
-110
What is -100 (base 2) in base 14?
-4
Convert -10 (base 6) to base 12.
-6
Convert 12 (base 5) to base 9.
7
Convert -2 (base 11) to base 2.
-10
Convert 1 (base 14) to base 7.
1
Convert -13b (base 14) to base 13.
-162
-212 (base 3) to base 4
-113
6 (base 9) to base 4
12
Convert 2 (base 7) to base 2.
10
What is -21 (base 13) in base 9?
-30
40 (base 10) to base 9
44
Convert 10113 (base 4) to base 6.
1143
-3 (base 15) to base 2
-11
c (base 15) to base 16
c
Convert -103 (base 11) to base 3.
-11121
41 (base 5) to base 6
33
6 (base 9) to base 15
6
What is -203 (base 9) in base 12?
-119
Convert -11 (base 7) to base 15.
-8
Convert -15 (base 6) to base 15.
-b
Convert 7 (base 16) to base 14.
7
What is -385 (base 9) in base 13?
-1b8
Convert -55 (base 6) to base 16.
-23
1323 (base 4) to base 15
83
What is -1011 (base 2) in base 12?
-b
Convert -2 (base 15) to base 3.
-2
1 (base 6) to base 12
1
What is e0 (base 16) in base 2?
11100000
What is 10 (base 5) in base 13?
5
What is 33 (base 11) in base 7?
51
What is 111001 (base 2) in base 5?
212
What is 1 (base 7) in base 13?
1
Convert 23 (base 5) to base 14.
d
What is 2 (base 14) in base 2?
10
Convert 12 (base 7) to base 4.
21
-275 (base 11) to base 9
-400
What is 0 (base 5) in base 14?
0
What is -434 (base 8) in base 3?
-101112
4 (base 12) to base 8
4
2 (base 13) to base 9
2
Convert 98 (base 16) to base 3.
12122
What is 64 (base 10) in base 6?
144
What is -100 (base 8) in base 2?
-1000000
58 (base 11) to base 9
70
Convert 202 (base 4) to base 15.
24
0 (base 15) to base 16
0
-a8 (base 11) to base 13
-91
25 (base 6) to base 2
10001
Convert 96 (base 12) to base 2.
1110010
-235 (base 8) to base 5
-1112
What is -4 (base 9) in base 10?
-4
31 (base 4) to base 15
d
What is 6 (base 10) in base 16?
6
24 (base 7) to base 4
102
Convert -72 (base 9) to base 5.
-230
Convert -6 (base 12) to base 2.
-110
Convert a3 (base 12) to base 6.
323
Convert -13 (base 4) to base 12.
-7
Convert -5 (base 10) to base 3.
-12
Convert 1011 (base 2) to base 10.
11
What is 10 (base 4) in base 6?
4
Convert -1344 (base 5) to base 15.
-ee
What is 2 (base 10) in base 16?
2
Convert -1 (base 8) to base 16.
-1
Convert -17 (base 8) to base 13.
-12
32 (base 13) to base 9
45
Convert 2 (base 5) to base 13.
2
-1 (base 16) to base 13
-1
What is -23 (base 6) in base 7?
-21
Convert -136 (base 7) to base 9.
-84
What is 2 (base 5) in base 13?
2
What is 2 (base 14) in base 11?
2
3 (base 13) to base 9
3
Convert -100 (base 2) to base 16.
-4
Convert -16 (base 8) to base 6.
-22
What is 6 (base 10) in base 11?
6
What is -51 (base 10) in base 6?
-123
-2 (base 7) to base 12
-2
Convert -20 (base 11) to base 13.
-19
What is 22100 (base 3) in base 7?
441
What is -26 (base 11) in base 7?
-40
-2 (base 10) to base 9
-2
What is 101 (base 2) in base 13?
5
Convert 3 (base 13) to base 15.
3
-14 (base 9) to base 8
-15
What is 2 (base 10) in base 7?
2
Convert -36 (base 11) to base 6.
-103
What is 35 (base 13) in base 14?
32
What is 10 (base 2) in base 4?
2
Convert 32 (base 6) to base 8.
24
100 (base 2) to base 13
4
What is 2 (base 12) in base 10?
2
What is -4 (base 10) in base 8?
-4
What is -77 (base 10) in base 3?
-2212
Convert 6 (base 11) to base 16.
6
1e (base 15) to base 6
45
Convert 0 (base 11) to base 2.
0
Convert 0 (base 5) to base 10.
0
What is -2 (base 4) in base 3?
-2
What is -37 (base 10) in base 9?
-41
1 (base 16) to base 14
1
What is 18 (base 10) in base 4?
102
Convert -26 (base 7) to base 3.
-202
18 (base 14) to base 3
211
Convert 2 (base 14) to base 5.
2
2 (base 6) to base 10
2
22 (base 8) to base 15
13
12 (base 9) to base 12
b
What is 0 (base 16) in base 6?
0
-4 (base 9) to base 15
-4
Convert -14d (base 14) to base 2.
-100001001
1 (base 7) to base 5
1
Convert 31 (base 7) to base 10.
22
1 (base 12) to base 2
1
Convert 435 (base 7) to base 8.
336
Convert 0 (base 10) to base 11.
0
What is -3 (base 6) in base 7?
-3
What is 25 (base 11) in base 16?
1b
What is -44 (base 13) in base 9?
-62
Convert 3 (base 8) to base 4.
3
What is -2 (base 15) in base 2?
-10
Convert -11 (base 14) to base 8.
-17
Convert -1111 (base 2) to base 12.
-13
What is 117 (base 8) in base 11?
72
-a3 (base 14) to base 15
-98
What is 2 (base 15) in base 16?
2
What is 56 (base 11) in base 9?
67
Convert 29 (base 16) to base 8.
51
What is 72 (base 9) in base 15?
45
0 (base 4) to base 6
0
8 (base 14) to base 8
10
Convert -100111010 (base 2) to base 15.
-15e
0 (base 10) to base 8
0
What is -1 (base 3) in base 11?
-1
Convert -1022 (base 3) to base 2.
-100011
What is -15e (base 15) in base 8?
-472
What is 5 (base 14) in base 2?
101
Convert -10 (base 2) to base 7.
-2
What is -1a5 (base 12) in base 11?
-225
Convert -11 (base 6) to base 11.
-7
What is -4 (base 7) in base 8?
-4
-101110 (base 2) to base 13
-37
Convert 25 (base 10) to base 8.
31
What is 11110 (base 2) in base 9?
33
Convert -1211 (base 4) to base 9.
-122
Convert 20 (base 13) to base 14.
1c
What is -46 (base 11) in base 13?
-3b
Convert 2 (base 9) to base 16.
2
3 (base 6) to base 4
3
What is 0 (base 3) in base 2?
0
Convert 0 (base 10) to base 9.
0
Convert -113 (base 5) to base 8.
-41
Convert 16 (base 16) to base 11.
20
Convert -110 (base 2) to base 7.
-6
What is -5 (base 12) in base 13?
-5
What is -6 (base 12) in base 15?
-6
17 (base 16) to base 5
43
4 (base 7) to base 12
4
10101011 (base 2) to base 8
253
Convert -2 (base 13) to base 12.
-2
Convert 4 (base 6) to base 12.
4
-5 (base 7) to base 2
-101
What is 3 (base 7) in base 8?
3
88 (base 10) to base 12
74
What is -a (base 13) in base 12?
-a
8 (base 13) to base 5
13
3 (base 14) to base 11
3
What is 2 (base 12) in base 6?
2
2 (base 13) to base 7
2
Convert 11 (base 3) to base 9.
4
Convert -5 (base 11) to base 4.
-11
What is b (base 14) in base 9?
12
1215 (base 6) to base 8
453
What is -4 (base 15) in base 4?
-10
5 (base 16) to base 8
5
What is -1223 (base 4) in base 11?
-98
What is -6 (base 15) in base 14?
-6
Convert -87 (base 9) to base 3.
-2221
Convert 24 (base 14) to base 4.
200
What is 61 (base 8) in base 14?
37
Convert 443 (base 6) to base 4.
2223
What is 16 (base 11) in base 9?
18
Convert -bb (base 16) to base 6.
-511
a (base 15) to base 16
a
13 (base 14) to base 3
122
What is d8 (base 15) in base 10?
203
What is -13 (base 10) in base 16?
-d
Convert -49 (base 11) to base 3.
-1222
Convert 3 (base 10) to base 7.
3
17 (base 15) to base 7
31
Convert -20 (base 6) to base 11.
-11
1 (base 6) to base 11
1
What is 30 (base 8) in base 2?
11000
-23 (base 13) to base 6
-45
Convert 2 (base 11) to base 8.
2
Convert 203 (base 10) to base 9.
245
Convert -9 (base 11) to base 15.
-9
What is 79 (base 14) in base 12?
8b
What is 10 (base 2) in base 6?
2
What is -344 (base 5) in base 12?
-83
Convert 1 (base 4) to base 8.
1
What is 121 (base 10) in base 8?
171
What is -5 (base 12) in base 14?
-5
-243 (base 5) to base 6
-201
Convert 110 (base 3) to base 8.
14
Convert 1 (base 11) to base 7.
1
-4 (base 14) to base 12
-4
-11 (base 3) to base 4
-10
-401 (base 5) to base 16
-65
What is 14 (base 12) in base 9?
17
What is -1b (base 16) in base 9?
-30
Convert -11 (base 8) to base 2.
-1001
10 (base 2) to base 3
2
What is -5 (base 10) in base 8?
-5
Convert 13 (base 5) to base 15.
8
-102112 (base 3) to base 11
-263
3 (base 10) to base 12
3
What is -123 (base 4) in base 7?
-36
What is 23 (base 9) in base 14?
17
100010 (base 2) to base 6
54
What is -43 (base 10) in base 2?
-101011
Convert 10 (base 12) to base 7.
15
b (base 15) to base 5
21
What is -2 (base 10) in base 4?
-2
2 (base 14) to base 4
2
What is 0 (base 16) in base 3?
0
Convert 1 (base 8) to base 6.
1
-10 (base 3) to base 5
-3
1 (base 4) to base 8
1
What is 2 (base 5) in base 7?
2
Convert 10 (base 2) to base 10.
2
2 (base 10) to base 2
10
What is -24 (base 5) in base 16?
-e
What is -7 (base 14) in base 13?
-7
What is 143 (base 9) in base 11?
aa
Convert 1104 (base 5) to base 9.
181
-8 (base 16) to base 12
-8
-1 (base 10) to base 3
-1
3 (base 16) to base 7
3
Convert -8 (base 10) to base 16.
-8
-11 (base 14) to base 12
-13
Convert 2202 (base 3) to base 8.
112
What is 13 (base 7) in base 11?
a
-203 (base 4) to base 11
-32
What 